ue
Is 107563 composite?
False
Is 381 composite?
True
Is 564761 composite?
False
Is 521155 a composite number?
True
Is 114041 composite?
False
Is 8767 composite?
True
Is 69283 prime?
False
Is 9967 composite?
False
Is 10199177 composite?
False
Is 89861 composite?
True
Is 34807 composite?
False
Is 50041 prime?
False
Is 14143 a prime number?
True
Is 60289 a prime number?
True
Is 4569 composite?
True
Is 26661 prime?
False
Is 30715 a composite number?
True
Is 72241 a composite number?
True
Is 1245509 prime?
True
Is 28387 prime?
True
Is 482501 a composite number?
False
Is 1158413 prime?
False
Is 353693 prime?
False
Is 2729 composite?
False
Is 5765 composite?
True
Is 56659 a prime number?
True
Is 314071 a prime number?
False
Is 11927 composite?
False
Is 2155 prime?
False
Is 33665 composite?
True
Is 1403747 composite?
False
Is 278914 prime?
False
Is 2021 a composite number?
True
Is 20537 a composite number?
True
Is 87271 a composite number?
True
Is 371617 a prime number?
True
Is 213 a prime number?
False
Is 327869 a composite number?
False
Is 691 a composite number?
False
Is 43107 prime?
False
Is 99439 prime?
True
Is 7039 prime?
True
Is 179779 prime?
True
Is 856021 composite?
False
Is 4391 a prime number?
True
Is 293021 a prime number?
True
Is 1530953 prime?
True
Is 42551 composite?
True
Is 1543 composite?
False
Is 7993 composite?
False
Is 29485 prime?
False
Is 332765 a prime number?
False
Is 15445 a composite number?
True
Is 2959 a composite number?
True
Is 7886 composite?
True
Is 606887 prime?
False
Is 679 a prime number?
False
Is 240059 prime?
True
Is 1826141 prime?
True
Is 583519 composite?
False
Is 4105 a prime number?
False
Is 25013 a prime number?
True
Is 500453 a prime number?
False
Is 182797 composite?
True
Is 81143 a composite number?
True
Is 12113 composite?
False
Is 294599 prime?
False
Is 2729 a prime number?
True
Is 907 a composite number?
False
Is 4871 a composite number?
False
Is 221393 a composite number?
False
Is 8767 prime?
False
Is 15874 a prime number?
False
Is 898609 a prime number?
False
Is 51967 composite?
True
Is 15623 a prime number?
False
Is 10133 a prime number?
True
Is 278449 prime?
False
Is 7817 a prime number?
True
Is 23531 prime?
True
Is 254809 prime?
False
Is 131927 a prime number?
True
Is 287758 a composite number?
True
Is 72139 prime?
True
Is 1801 prime?
True
Is 44003 composite?
True
Is 553529 prime?
True
Is 17059 a prime number?
False
Is 82387 a prime number?
True
Is 563323 composite?
True
Is 68659 a prime number?
True
Is 5059 a composite number?
False
Is 1284443 prime?
True
Is 112831 a prime number?
True
Is 229199 a composite number?
False
Is 7019 a prime number?
True
Is 1507193 prime?
False
Is 21953 a prime number?
False
Is 41333 a composite number?
False
Is 161817 composite?
True
Is 4271 composite?
False
Is 24937 a prime number?
False
Is 6913 composite?
True
Is 9959 prime?
False
Is 56569 prime?
True
Is 28151 prime?
True
Is 61547 prime?
True
Is 5755 a prime number?
False
Is 1889557 prime?
False
Is 41215 a composite number?
True
Is 369193 prime?
False
Is 18773 a composite number?
False
Is 114151 prime?
False
Is 14173 prime?
True
Is 66221 prime?
True
Is 2931 composite?
True
Is 2257 composite?
True
Is 8699 composite?
False
Is 166679 a composite number?
False
Is 1363 a composite number?
True
Is 12743 a prime number?
True
Is 14107 a prime number?
True
Is 90313 prime?
True
Is 121259 a composite number?
False
Is 10603 prime?
False
Is 64951 prime?
True
Is 846311 a prime number?
False
Is 236243 a composite number?
True
Is 8053 composite?
False
Is 28163 a composite number?
False
Is 64941 a composite number?
True
Is 280729 prime?
True
Is 85991 prime?
True
Is 56569 a composite number?
False
Is 48569 a prime number?
False
Is 786239 a composite number?
True
Is 316655 a prime number?
False
Is 54533 composite?
True
Is 6469 prime?
True
Is 42974 a prime number?
False
Is 211 prime?
True
Is 485647 composite?
False
Is 35023 prime?
True
Is 13355 composite?
True
Is 66077 prime?
False
Is 834433 prime?
True
Is 5739 a composite number?
True
Is 138889 composite?
False
Is 268097 composite?
True
Is 142531 composite?
True
Is 124991 composite?
False
Is 82 composite?
True
Is 254971 prime?
True
Is 694717 a composite number?
False
Is 17741 a prime number?
False
Is 140797 a prime number?
True
Is 126563 composite?
True
Is 52163 a prime number?
True
Is 64789 a composite number?
True
Is 89234 a composite number?
True
Is 16271 prime?
False
Is 24797 composite?
True
Is 21059 prime?
True
Is 5317 prime?
False
Is 300017 a composite number?
False
Is 27611 a prime number?
True
Is 22735 a prime number?
False
Is 30715 a composite number?
True
Is 1505657 a composite number?
False
Is 63193 a prime number?
False
Is 237093 prime?
False
Is 212557 composite?
False
Is 119447 a prime number?
True
Is 19271 composite?
True
Is 439253 composite?
False
Is 84046 prime?
False
Is 44303 a composite number?
True
Is 9543 a prime number?
False
Is 66298 composite?
True
Is 3199 prime?
False
Is 85801 composite?
True
Is 102959 composite?
True
Is 3863 composite?
False
Is 204159 a composite number?
True
Is 8651 prime?
False
Is 88269 composite?
True
Is 85151 prime?
False
Is 6821 a composite number?
True
Is 197867 composite?
True
Is 330797 a prime number?
False
Is 9523 a prime number?
False
Is 43203 a prime number?
False
Is 9221 composite?
False
Is 38987 prime?
False
Is 417901 composite?
True
Is 30181 a prime number?
True
Is 5209 prime?
True
Is 2121181 composite?
False
Is 159667 prime?
True
Is 7827 a composite number?
True
Is 1269469 prime?
False
Is 758401 prime?
False
Is 42943 a composite number?
False
Is 8285 a prime number?
False
Is 5357 composite?
True
Is 3491 prime?
True
Is 30911 prime?
True
Is 289543 a prime number?
True
Is 29353 a prime number?
False
Is 822149 prime?
False
Is 39499 a composite number?
False
Is 97771 a prime number?
True
Is 166823 composite?
False
Is 8059 a composite number?
False
Is 162757 a prime number?
False
Is 18679 prime?
True
Is 10907 a composite number?
True
Is 13001 a composite number?
False
Is 40739 prime?
True
Is 328007 prime?
True
Is 28201 composite?
False
Is 50703 prime?
False
Is 211927 a composite number?
False
Is 10289 a prime number?
True
Is 997627 prime?
True
Is 6762973 prime?
False
Is 3022 a composite number?
True
Is 97403 a composite number?
True
Is 9587 prime?
True
Is 43241 a composite number?
True
Is 17519 a prime number?
True
Is 1564861 prime?
True
Is 766342 prime?
False
Is 1945 composite?
True
Is 32531 a composite number?
False
Is 57037 composite?
False
Is 1216799 a prime number?
True
Is 3611 a composite number?
True
Is 41281 composite?
False
Is 8023 a composite number?
True
Is 143509 a composite number?
False
Is 153863 composite?
True
Is 4049 a composite number?
False
Is 79669 prime?
True
Is 13103 a composite number?
False
Is 529 a prime number?
False
Is 1361 composite?
False
Is 17291 prime?
True
Is 254857 a prime number?
True
Is 74435 a composite number?
True
Is 9841 composite?
True
Is 34631 composite?
False
Is 3299 a composite number?
False
Is 3271 a prime number?
True
Is 2579 a prime number?
True
Is 1639 prime?
False
Is 991 prime?
True
Is 96199 a prime number?
True
Is 10817 composite?
True
Is 8353 prime?
True
Is 2813 a composite number?
True
Is 15901 a composite number?
False
Is 32278 prime?
False
Is 751997 prime?
True
Is 4049 a prime number?
True
Is 71059 a composite number?
False
Is 237187 a composite number?
True
Is 927413 prime?
False
Is 87706 composite?
True
Is 97711 prime?
True
Is 489065 a prime number?
False
Is 27619 composite?
True
Is 361613 prime?
False
Is 9977 a composite number?
True
Is 984754 composite?
True
Is 278657 composite?
True
Is 385967 a prime number?
True
Is 131559 prime?
False
Is 32827 prime?
False
Is 482221 a composite number?
True
Is 145943 a composite number?
True
Is 347 composite?
False
Is 106087 prime?
True
Is 21095 a prime number?
False
Is 31679 a prime number?
False
Is 499 a composite number?
False
Is 28331 composite?
True
Is 39301 composite?
False
Is 79531 a prime number?
True
Is 123773 a composite number?
True
Is 25067 a composite number?
True
Is 89627 a composite number?
False
Is 43437 prime?
False
Is 829841 a prime number?
True
Is 180373 composite?
True
Is 1763 composite?
True
Is 10541 a composite number